{"id":188,"date":"2024-09-16T17:22:54","date_gmt":"2024-09-16T15:22:54","guid":{"rendered":"https:\/\/www.eoniapsicologia.com\/?page_id=188"},"modified":"2026-01-06T19:15:38","modified_gmt":"2026-01-06T18:15:38","slug":"188-2","status":"publish","type":"page","link":"https:\/\/www.eoniapsicologia.com\/","title":{"rendered":""},"content":{"rendered":"\n<header class=\"wp-block-cover alignfull is-light has-parallax\" style=\"border-top-left-radius:6px;border-top-right-radius:6px;border-bottom-left-radius:6px;border-bottom-right-radius:6px;min-height:100vh;aspect-ratio:unset;\"><div class=\"wp-block-cover__image-background wp-image-330 has-parallax\" style=\"background-position:50% 50%;background-image:url(https:\/\/www.eoniapsicologia.com\/wp-content\/uploads\/2024\/09\/imagen_mar_2.jpg)\"><\/div><span aria-hidden=\"true\" class=\"wp-block-cover__background has-background-dim\" style=\"background-color:#83827c\"><\/span><div class=\"wp-block-cover__inner-container has-global-padding is-layout-constrained wp-block-cover-is-layout-constrained\">\n<div class=\"wp-block-uagb-image aligncenter uagb-block-3c9dbbd7 wp-block-uagb-image--layout-default wp-block-uagb-image--effect-zoomin wp-block-uagb-image--align-center\"><figure class=\"wp-block-uagb-image__figure\"><img decoding=\"async\" srcset=\"https:\/\/www.eoniapsicologia.com\/wp-content\/uploads\/2024\/10\/logo_completo_blanco-2-1024x252.png ,https:\/\/www.eoniapsicologia.com\/wp-content\/uploads\/2024\/10\/logo_completo_blanco-2.png 780w, https:\/\/www.eoniapsicologia.com\/wp-content\/uploads\/2024\/10\/logo_completo_blanco-2.png 360w\" sizes=\"auto, (max-width: 480px) 150px\" src=\"https:\/\/www.eoniapsicologia.com\/wp-content\/uploads\/2024\/10\/logo_completo_blanco-2-1024x252.png\" alt=\"\" class=\"uag-image-616\" width=\"950\" height=\"234\" title=\"\" loading=\"lazy\" role=\"img\"\/><\/figure><\/div>\n\n\n\n<p class=\"has-text-align-center has-white-color has-text-color has-link-color wp-elements-26509a79e2a016317afa50ea47cd58dd\" style=\"font-size:clamp(17.905px, 1.119rem + ((1vw - 3.2px) * 0.893), 28px);\">CENTRO DE PSICOLOG\u00cdA INFANTOJUVENIL<\/p>\n\n\n\n<div class=\"wp-block-group has-global-padding is-layout-constrained wp-block-group-is-layout-constrained\">\n<div class=\"wp-block-buttons is-content-justification-center is-layout-flex wp-container-core-buttons-is-layout-a89b3969 wp-block-buttons-is-layout-flex\">\n<div class=\"wp-block-button\"><a class=\"wp-block-button__link has-secondary-background-color has-background wp-element-button\" href=\"https:\/\/www.eoniapsicologia.com\/index.php\/contacto\/\" style=\"border-width:1px;border-top-left-radius:6px;border-top-right-radius:6px;border-bottom-left-radius:6px;border-bottom-right-radius:6px\">PIDE UNA CITA<\/a><\/div>\n<\/div>\n<\/div>\n<\/div><\/header>\n\n\n\n<p class=\"has-text-align-center\" style=\"font-size:clamp(17.905px, 1.119rem + ((1vw - 3.2px) * 0.893), 28px);\"><mark style=\"background-color:rgba(0, 0, 0, 0)\" class=\"has-inline-color has-secondary-color\"><strong>\u00bfQui\u00e9nes somos?<\/strong><\/mark><\/p>\n\n\n\n<p class=\"has-text-align-center\">Eonia es un <strong>centro de psicolog\u00eda infantojuvenil en Madrid<\/strong>, formado por profesionales con amplia experiencia y formaci\u00f3n en psicolog\u00eda infantil, juvenil y familiar.<\/p>\n\n\n\n<p class=\"has-text-align-center\">En Eonia somos conscientes de que las necesidades y el ritmo de cada persona es diferente. Por eso evaluamos cada caso minuciosamente y ofrecemos una terapia individualizada en la que los objetivos de tratamiento propuestos son espec\u00edficos para cada paciente.<\/p>\n\n\n\n<p class=\"has-text-align-center\">Nuestra filosof\u00eda es que la terapia evoluciona seg\u00fan evoluciona el paciente.<\/p>\n\n\n\n<p class=\"has-text-align-center\" style=\"font-size:clamp(17.905px, 1.119rem + ((1vw - 3.2px) * 0.893), 28px);line-height:2;text-decoration:none\"><mark style=\"background-color:rgba(0, 0, 0, 0)\" class=\"has-inline-color has-secondary-color\"><strong>\u00bfQu\u00e9 servicios ofrecemos?<\/strong><\/mark><\/p>\n\n\n\n<div class=\"wp-block-columns is-layout-flex wp-container-core-columns-is-layout-a8d559fd wp-block-columns-is-layout-flex\" style=\"padding-right:0;padding-left:0\">\n<div class=\"wp-block-column is-layout-flow wp-block-column-is-layout-flow\">\n<figure class=\"wp-block-image aligncenter size-full is-resized\"><img loading=\"lazy\" decoding=\"async\" width=\"5000\" height=\"3461\" src=\"https:\/\/www.eoniapsicologia.com\/wp-content\/uploads\/2024\/09\/Terapia_infantojuvenil_2.jpg\" alt=\"\" class=\"wp-image-146\" style=\"width:312px\"\/><\/figure>\n\n\n\n<div class=\"wp-block-buttons is-content-justification-center is-layout-flex wp-container-core-buttons-is-layout-a89b3969 wp-block-buttons-is-layout-flex\">\n<div class=\"wp-block-button\"><a class=\"wp-block-button__link has-secondary-background-color has-background wp-element-button\" href=\"https:\/\/www.eoniapsicologia.com\/index.php\/terapia-infantil\/\" style=\"border-top-left-radius:6px;border-top-right-radius:6px;border-bottom-left-radius:6px;border-bottom-right-radius:6px\">Terapia infantil<\/a><\/div>\n<\/div>\n<\/div>\n\n\n\n<div class=\"wp-block-column is-layout-flow wp-block-column-is-layout-flow\">\n<figure class=\"wp-block-image aligncenter size-full is-resized\"><img loading=\"lazy\" decoding=\"async\" width=\"5472\" height=\"3648\" src=\"https:\/\/www.eoniapsicologia.com\/wp-content\/uploads\/2024\/09\/Terapia_adolescentes.jpg\" alt=\"\" class=\"wp-image-147\" style=\"width:328px\"\/><\/figure>\n\n\n\n<div class=\"wp-block-buttons is-content-justification-center is-layout-flex wp-container-core-buttons-is-layout-a89b3969 wp-block-buttons-is-layout-flex\">\n<div class=\"wp-block-button .wp-blockbutton__link{\"><a class=\"wp-block-button__link has-secondary-background-color has-background wp-element-button\" href=\"https:\/\/www.eoniapsicologia.com\/index.php\/terapia-adolescentes\/\" style=\"border-top-left-radius:6px;border-top-right-radius:6px;border-bottom-left-radius:6px;border-bottom-right-radius:6px\">Terapia adolescentes<\/a><\/div>\n<\/div>\n<\/div>\n\n\n\n<div class=\"wp-block-column is-layout-flow wp-block-column-is-layout-flow\">\n<figure class=\"wp-block-image aligncenter size-full is-resized\"><img loading=\"lazy\" decoding=\"async\" width=\"6016\" height=\"4016\" src=\"https:\/\/www.eoniapsicologia.com\/wp-content\/uploads\/2024\/09\/Terapia_familiar_2.jpg\" alt=\"\" class=\"wp-image-153\" style=\"width:328px\"\/><\/figure>\n\n\n\n<div class=\"wp-block-buttons is-content-justification-center is-layout-flex wp-container-core-buttons-is-layout-a89b3969 wp-block-buttons-is-layout-flex\">\n<div class=\"wp-block-button\"><a class=\"wp-block-button__link has-secondary-background-color has-background wp-element-button\" href=\"https:\/\/www.eoniapsicologia.com\/index.php\/terapia-familiar\/\" style=\"border-top-left-radius:6px;border-top-right-radius:6px;border-bottom-left-radius:6px;border-bottom-right-radius:6px\">Terapia familiar<\/a><\/div>\n<\/div>\n<\/div>\n<\/div>\n\n\n\n<div class=\"wp-block-columns is-layout-flex wp-container-core-columns-is-layout-a8d559fd wp-block-columns-is-layout-flex\" style=\"padding-right:0;padding-left:0\">\n<div class=\"wp-block-column is-layout-flow wp-block-column-is-layout-flow\">\n<figure class=\"wp-block-image aligncenter size-full is-resized\"><img loading=\"lazy\" decoding=\"async\" width=\"4884\" height=\"2422\" src=\"https:\/\/www.eoniapsicologia.com\/wp-content\/uploads\/2024\/09\/Terapia_online.jpg\" alt=\"\" class=\"wp-image-150\" style=\"object-fit:cover;width:313px;height:220px\"\/><\/figure>\n\n\n\n<div class=\"wp-block-buttons is-content-justification-center is-layout-flex wp-container-core-buttons-is-layout-a89b3969 wp-block-buttons-is-layout-flex\">\n<div class=\"wp-block-button\"><a class=\"wp-block-button__link has-secondary-background-color has-background wp-element-button\" href=\"https:\/\/www.eoniapsicologia.com\/index.php\/terapia-online\/\" style=\"border-top-left-radius:6px;border-top-right-radius:6px;border-bottom-left-radius:6px;border-bottom-right-radius:6px\">Terapia online<\/a><\/div>\n<\/div>\n<\/div>\n\n\n\n<div class=\"wp-block-column is-layout-flow wp-block-column-is-layout-flow\">\n<figure class=\"wp-block-image aligncenter size-full is-resized\"><img loading=\"lazy\" decoding=\"async\" width=\"2560\" height=\"1709\" src=\"https:\/\/www.eoniapsicologia.com\/wp-content\/uploads\/2025\/01\/grupo_ninos_1-scaled.jpg\" alt=\"\" class=\"wp-image-686\" style=\"object-fit:cover;width:328px;height:220px\" srcset=\"https:\/\/www.eoniapsicologia.com\/wp-content\/uploads\/2025\/01\/grupo_ninos_1-scaled.jpg 2560w, https:\/\/www.eoniapsicologia.com\/wp-content\/uploads\/2025\/01\/grupo_ninos_1-300x200.jpg 300w, https:\/\/www.eoniapsicologia.com\/wp-content\/uploads\/2025\/01\/grupo_ninos_1-1024x684.jpg 1024w, https:\/\/www.eoniapsicologia.com\/wp-content\/uploads\/2025\/01\/grupo_ninos_1-2000x1335.jpg 2000w\" sizes=\"auto, (max-width: 2560px) 100vw, 2560px\" \/><\/figure>\n\n\n\n<div class=\"wp-block-buttons is-content-justification-center is-layout-flex wp-container-core-buttons-is-layout-a89b3969 wp-block-buttons-is-layout-flex\">\n<div class=\"wp-block-button\"><a class=\"wp-block-button__link has-secondary-background-color has-background wp-element-button\" href=\"https:\/\/www.eoniapsicologia.com\/index.php\/terapia-grupal\/\" style=\"border-top-left-radius:6px;border-top-right-radius:6px;border-bottom-left-radius:6px;border-bottom-right-radius:6px\">Terapia grupal<\/a><\/div>\n<\/div>\n<\/div>\n\n\n\n<div class=\"wp-block-column is-layout-flow wp-block-column-is-layout-flow\">\n<figure class=\"wp-block-image aligncenter size-full is-resized\"><img loading=\"lazy\" decoding=\"async\" width=\"3648\" height=\"5472\" src=\"https:\/\/www.eoniapsicologia.com\/wp-content\/uploads\/2024\/09\/Evaluacion_foto-1.jpg\" alt=\"\" class=\"wp-image-235\" style=\"object-fit:cover;width:328px;height:220px\"\/><\/figure>\n\n\n\n<div class=\"wp-block-buttons is-content-justification-center is-layout-flex wp-container-core-buttons-is-layout-a89b3969 wp-block-buttons-is-layout-flex\">\n<div class=\"wp-block-button\"><a class=\"wp-block-button__link has-secondary-background-color has-background wp-element-button\" href=\"https:\/\/www.eoniapsicologia.com\/index.php\/informe-psicologico\/\" style=\"border-top-left-radius:6px;border-top-right-radius:6px;border-bottom-left-radius:6px;border-bottom-right-radius:6px\">Evaluaci\u00f3n psicopedag\u00f3gica<\/a><\/div>\n<\/div>\n<\/div>\n<\/div>\n\n\n\n<p><\/p>\n\n\n\n<p class=\"has-text-align-center\" style=\"font-size:clamp(17.905px, 1.119rem + ((1vw - 3.2px) * 0.893), 28px);line-height:2;text-decoration:none\"><mark style=\"background-color:rgba(0, 0, 0, 0)\" class=\"has-inline-color has-secondary-color\"><strong>\u00bfQuieres conocer m\u00e1s?<\/strong><\/mark><\/p>\n\n\n\n<div class=\"wp-block-columns is-layout-flex wp-container-core-columns-is-layout-a8d559fd wp-block-columns-is-layout-flex\" style=\"padding-right:0;padding-left:0\">\n<div class=\"wp-block-column is-layout-flow wp-block-column-is-layout-flow\">\n<figure class=\"wp-block-image aligncenter size-full is-resized\"><img loading=\"lazy\" decoding=\"async\" width=\"2560\" height=\"1707\" src=\"https:\/\/www.eoniapsicologia.com\/wp-content\/uploads\/2025\/01\/equipo_1-scaled.jpg\" alt=\"\" class=\"wp-image-682\" style=\"object-fit:cover;width:313px;height:220px\" srcset=\"https:\/\/www.eoniapsicologia.com\/wp-content\/uploads\/2025\/01\/equipo_1-scaled.jpg 2560w, https:\/\/www.eoniapsicologia.com\/wp-content\/uploads\/2025\/01\/equipo_1-300x200.jpg 300w, https:\/\/www.eoniapsicologia.com\/wp-content\/uploads\/2025\/01\/equipo_1-1024x683.jpg 1024w, https:\/\/www.eoniapsicologia.com\/wp-content\/uploads\/2025\/01\/equipo_1-2000x1333.jpg 2000w\" sizes=\"auto, (max-width: 2560px) 100vw, 2560px\" \/><\/figure>\n\n\n\n<div class=\"wp-block-buttons is-content-justification-center is-layout-flex wp-container-core-buttons-is-layout-a89b3969 wp-block-buttons-is-layout-flex\">\n<div class=\"wp-block-button\"><a class=\"wp-block-button__link has-secondary-background-color has-background wp-element-button\" href=\"https:\/\/www.eoniapsicologia.com\/index.php\/nuestro-equipo\/\" style=\"border-top-left-radius:6px;border-top-right-radius:6px;border-bottom-left-radius:6px;border-bottom-right-radius:6px\">Conoce a nuestro equipo<\/a><\/div>\n<\/div>\n<\/div>\n\n\n\n<div class=\"wp-block-column is-layout-flow wp-block-column-is-layout-flow\">\n<figure class=\"wp-block-image aligncenter size-full is-resized\"><img loading=\"lazy\" decoding=\"async\" width=\"2560\" height=\"1440\" src=\"https:\/\/www.eoniapsicologia.com\/wp-content\/uploads\/2024\/10\/Tarifas-scaled.jpg\" alt=\"\" class=\"wp-image-665\" style=\"object-fit:cover;width:328px;height:220px\" srcset=\"https:\/\/www.eoniapsicologia.com\/wp-content\/uploads\/2024\/10\/Tarifas-scaled.jpg 2560w, https:\/\/www.eoniapsicologia.com\/wp-content\/uploads\/2024\/10\/Tarifas-300x169.jpg 300w, https:\/\/www.eoniapsicologia.com\/wp-content\/uploads\/2024\/10\/Tarifas-1024x576.jpg 1024w, https:\/\/www.eoniapsicologia.com\/wp-content\/uploads\/2024\/10\/Tarifas-2000x1125.jpg 2000w\" sizes=\"auto, (max-width: 2560px) 100vw, 2560px\" \/><\/figure>\n\n\n\n<div class=\"wp-block-buttons is-content-justification-center is-layout-flex wp-container-core-buttons-is-layout-a89b3969 wp-block-buttons-is-layout-flex\">\n<div class=\"wp-block-button\"><a class=\"wp-block-button__link has-secondary-background-color has-background wp-element-button\" href=\"https:\/\/www.eoniapsicologia.com\/index.php\/tarifas-2\/\" style=\"border-top-left-radius:6px;border-top-right-radius:6px;border-bottom-left-radius:6px;border-bottom-right-radius:6px\">Nuestras tarifas<\/a><\/div>\n<\/div>\n<\/div>\n\n\n\n<div class=\"wp-block-column is-layout-flow wp-block-column-is-layout-flow\">\n<figure class=\"wp-block-image aligncenter size-full is-resized\"><img loading=\"lazy\" decoding=\"async\" width=\"2560\" height=\"1707\" src=\"https:\/\/www.eoniapsicologia.com\/wp-content\/uploads\/2024\/10\/donde_estamos-scaled.jpg\" alt=\"\" class=\"wp-image-662\" style=\"object-fit:cover;width:328px;height:220px\" srcset=\"https:\/\/www.eoniapsicologia.com\/wp-content\/uploads\/2024\/10\/donde_estamos-scaled.jpg 2560w, https:\/\/www.eoniapsicologia.com\/wp-content\/uploads\/2024\/10\/donde_estamos-300x200.jpg 300w, https:\/\/www.eoniapsicologia.com\/wp-content\/uploads\/2024\/10\/donde_estamos-1024x683.jpg 1024w, https:\/\/www.eoniapsicologia.com\/wp-content\/uploads\/2024\/10\/donde_estamos-2000x1333.jpg 2000w\" sizes=\"auto, (max-width: 2560px) 100vw, 2560px\" \/><\/figure>\n\n\n\n<div class=\"wp-block-buttons is-content-justification-center is-layout-flex wp-container-core-buttons-is-layout-a89b3969 wp-block-buttons-is-layout-flex\">\n<div class=\"wp-block-button\"><a class=\"wp-block-button__link has-secondary-background-color has-background wp-element-button\" href=\"https:\/\/www.eoniapsicologia.com\/index.php\/contacto\/\" style=\"border-top-left-radius:6px;border-top-right-radius:6px;border-bottom-left-radius:6px;border-bottom-right-radius:6px\">\u00bfD\u00f3nde estamos?<\/a><\/div>\n<\/div>\n<\/div>\n<\/div>\n\n\n\n<p><\/p>\n","protected":false},"excerpt":{"rendered":"<p>\u00bfQui\u00e9nes somos? Eonia es un centro de psicolog\u00eda infantojuvenil en Madrid, formado por profesionales con amplia experiencia y formaci\u00f3n en psicolog\u00eda infantil, juvenil y familiar. En Eonia somos conscientes de que las necesidades y el ritmo de cada persona es diferente. Por eso evaluamos cada caso minuciosamente y ofrecemos una terapia individualizada en la que &hellip; <\/p>\n<p class=\"link-more\"><a href=\"https:\/\/www.eoniapsicologia.com\/\" class=\"more-link\">Leer m\u00e1s<span class=\"screen-reader-text\"> \u00ab\u00bb<\/span><\/a><\/p>\n","protected":false},"author":1,"featured_media":0,"parent":0,"menu_order":0,"comment_status":"closed","ping_status":"closed","template":"page-templates\/homepage-builder-bb.php","meta":{"_uag_custom_page_level_css":"","inspiro_hide_title":false,"footnotes":""},"class_list":["post-188","page","type-page","status-publish","hentry"],"uagb_featured_image_src":{"full":false,"thumbnail":false,"medium":false,"medium_large":false,"large":false,"1536x1536":false,"2048x2048":false,"inspiro-featured-image":false,"inspiro-loop":false,"inspiro-loop@2x":false},"uagb_author_info":{"display_name":"admin","author_link":"https:\/\/www.eoniapsicologia.com\/author\/admin\/"},"uagb_comment_info":0,"uagb_excerpt":"\u00bfQui\u00e9nes somos? Eonia es un centro de psicolog\u00eda infantojuvenil en Madrid, formado por profesionales con amplia experiencia y formaci\u00f3n en psicolog\u00eda infantil, juvenil y familiar. En Eonia somos conscientes de que las necesidades y el ritmo de cada persona es diferente. Por eso evaluamos cada caso minuciosamente y ofrecemos una terapia individualizada en la que&hellip;","_links":{"self":[{"href":"https:\/\/www.eoniapsicologia.com\/index.php\/wp-json\/wp\/v2\/pages\/188","targetHints":{"allow":["GET"]}}],"collection":[{"href":"https:\/\/www.eoniapsicologia.com\/index.php\/wp-json\/wp\/v2\/pages"}],"about":[{"href":"https:\/\/www.eoniapsicologia.com\/index.php\/wp-json\/wp\/v2\/types\/page"}],"author":[{"embeddable":true,"href":"https:\/\/www.eoniapsicologia.com\/index.php\/wp-json\/wp\/v2\/users\/1"}],"replies":[{"embeddable":true,"href":"https:\/\/www.eoniapsicologia.com\/index.php\/wp-json\/wp\/v2\/comments?post=188"}],"version-history":[{"count":99,"href":"https:\/\/www.eoniapsicologia.com\/index.php\/wp-json\/wp\/v2\/pages\/188\/revisions"}],"predecessor-version":[{"id":920,"href":"https:\/\/www.eoniapsicologia.com\/index.php\/wp-json\/wp\/v2\/pages\/188\/revisions\/920"}],"wp:attachment":[{"href":"https:\/\/www.eoniapsicologia.com\/index.php\/wp-json\/wp\/v2\/media?parent=188"}],"curies":[{"name":"wp","href":"https:\/\/api.w.org\/{rel}","templated":true}]}}