{"id":785,"date":"2025-11-11T08:31:45","date_gmt":"2025-11-11T07:31:45","guid":{"rendered":"https:\/\/www.eoniapsicologia.com\/?page_id=785"},"modified":"2026-01-05T09:19:25","modified_gmt":"2026-01-05T08:19:25","slug":"recursos","status":"publish","type":"page","link":"https:\/\/www.eoniapsicologia.com\/index.php\/recursos\/","title":{"rendered":"Recursos"},"content":{"rendered":"\n<p>En Eonia creemos en la importancia de acompa\u00f1arte tambi\u00e9n fuera de las sesiones. Por eso hemos creado este espacio de <strong><mark style=\"background-color:rgba(0, 0, 0, 0)\" class=\"has-inline-color has-secondary-color\">recursos<\/mark><\/strong>, donde encontrar\u00e1s contenidos elaborados por nuestro equipo para ayudarte a cuidar tu salud mental, aprender sobre psicolog\u00eda y poner en pr\u00e1ctica estrategias de bienestar.<\/p>\n\n\n\n<p>Aqu\u00ed puedes explorar:<\/p>\n\n\n\n<div class=\"wp-block-columns is-layout-flex wp-container-core-columns-is-layout-28f84493 wp-block-columns-is-layout-flex\">\n<div class=\"wp-block-column is-layout-flow wp-block-column-is-layout-flow\">\n<div class=\"wp-block-columns is-layout-flex wp-container-core-columns-is-layout-28f84493 wp-block-columns-is-layout-flex\">\n<div class=\"wp-block-column is-layout-flow wp-block-column-is-layout-flow\" style=\"flex-basis:100%\">\n<div class=\"wp-block-uagb-container uagb-block-3844c255 alignfull uagb-is-root-container\"><div class=\"uagb-container-inner-blocks-wrap\">\n<div class=\"wp-block-group has-global-padding is-layout-constrained wp-block-group-is-layout-constrained\">\n<div class=\"wp-block-buttons is-content-justification-center is-layout-flex wp-container-core-buttons-is-layout-a89b3969 wp-block-buttons-is-layout-flex\">\n<div class=\"wp-block-button\"><a class=\"wp-block-button__link has-secondary-background-color has-background wp-element-button\" style=\"border-top-left-radius:6px;border-top-right-radius:6px;border-bottom-left-radius:6px;border-bottom-right-radius:6px\">BLOG<\/a><\/div>\n<\/div>\n<\/div>\n\n\n\n<p class=\"has-text-align-center\">Art\u00edculos y reflexiones sobre temas psicol\u00f3gicos y crecimiento personal.<\/p>\n<\/div><\/div>\n<\/div>\n\n\n\n<div class=\"wp-block-column is-layout-flow wp-block-column-is-layout-flow\" style=\"flex-basis:100%\">\n<div class=\"wp-block-uagb-container uagb-block-ea731603 alignfull uagb-is-root-container\"><div class=\"uagb-container-inner-blocks-wrap\">\n<div class=\"wp-block-group has-global-padding is-layout-constrained wp-block-group-is-layout-constrained\">\n<div class=\"wp-block-buttons is-content-justification-center is-layout-flex wp-container-core-buttons-is-layout-a89b3969 wp-block-buttons-is-layout-flex\">\n<div class=\"wp-block-button\"><a class=\"wp-block-button__link has-secondary-background-color has-background wp-element-button\" href=\"https:\/\/www.eoniapsicologia.com\/index.php\/material-descargable\/\" style=\"border-top-left-radius:6px;border-top-right-radius:6px;border-bottom-left-radius:6px;border-bottom-right-radius:6px\">MATERIAL DESCARGABLE<\/a><\/div>\n<\/div>\n<\/div>\n\n\n\n<p class=\"has-text-align-center\">Gu\u00edas, ejercicios y fichas pr\u00e1cticas elaboradas por nuestro equipo, disponibles para uso personal.<\/p>\n<\/div><\/div>\n<\/div>\n<\/div>\n<\/div>\n<\/div>\n\n\n\n<p><\/p>\n","protected":false},"excerpt":{"rendered":"<p>En Eonia creemos en la importancia de acompa\u00f1arte tambi\u00e9n fuera de las sesiones. Por eso hemos creado este espacio de recursos, donde encontrar\u00e1s contenidos elaborados por nuestro equipo para ayudarte a cuidar tu salud mental, aprender sobre psicolog\u00eda y poner en pr\u00e1ctica estrategias de bienestar. Aqu\u00ed puedes explorar: Art\u00edculos y reflexiones sobre temas psicol\u00f3gicos y &hellip; <\/p>\n<p class=\"link-more\"><a href=\"https:\/\/www.eoniapsicologia.com\/index.php\/recursos\/\" class=\"more-link\">Leer m\u00e1s<span class=\"screen-reader-text\"> \u00abRecursos\u00bb<\/span><\/a><\/p>\n","protected":false},"author":1,"featured_media":0,"parent":0,"menu_order":0,"comment_status":"closed","ping_status":"closed","template":"","meta":{"_uag_custom_page_level_css":"","inspiro_hide_title":false,"footnotes":""},"class_list":["post-785","page","type-page","status-publish","hentry"],"uagb_featured_image_src":{"full":false,"thumbnail":false,"medium":false,"medium_large":false,"large":false,"1536x1536":false,"2048x2048":false,"inspiro-featured-image":false,"inspiro-loop":false,"inspiro-loop@2x":false},"uagb_author_info":{"display_name":"admin","author_link":"https:\/\/www.eoniapsicologia.com\/author\/admin\/"},"uagb_comment_info":0,"uagb_excerpt":"En Eonia creemos en la importancia de acompa\u00f1arte tambi\u00e9n fuera de las sesiones. Por eso hemos creado este espacio de recursos, donde encontrar\u00e1s contenidos elaborados por nuestro equipo para ayudarte a cuidar tu salud mental, aprender sobre psicolog\u00eda y poner en pr\u00e1ctica estrategias de bienestar. Aqu\u00ed puedes explorar: Art\u00edculos y reflexiones sobre temas psicol\u00f3gicos y&hellip;","_links":{"self":[{"href":"https:\/\/www.eoniapsicologia.com\/index.php\/wp-json\/wp\/v2\/pages\/785","targetHints":{"allow":["GET"]}}],"collection":[{"href":"https:\/\/www.eoniapsicologia.com\/index.php\/wp-json\/wp\/v2\/pages"}],"about":[{"href":"https:\/\/www.eoniapsicologia.com\/index.php\/wp-json\/wp\/v2\/types\/page"}],"author":[{"embeddable":true,"href":"https:\/\/www.eoniapsicologia.com\/index.php\/wp-json\/wp\/v2\/users\/1"}],"replies":[{"embeddable":true,"href":"https:\/\/www.eoniapsicologia.com\/index.php\/wp-json\/wp\/v2\/comments?post=785"}],"version-history":[{"count":4,"href":"https:\/\/www.eoniapsicologia.com\/index.php\/wp-json\/wp\/v2\/pages\/785\/revisions"}],"predecessor-version":[{"id":880,"href":"https:\/\/www.eoniapsicologia.com\/index.php\/wp-json\/wp\/v2\/pages\/785\/revisions\/880"}],"wp:attachment":[{"href":"https:\/\/www.eoniapsicologia.com\/index.php\/wp-json\/wp\/v2\/media?parent=785"}],"curies":[{"name":"wp","href":"https:\/\/api.w.org\/{rel}","templated":true}]}}